the highest common divisor of c and 192.
16
Suppose 4*z - 7*z = 3. Let x be -4*((-3 + 7)/z - -3). Suppose f + 5 = 3*y, 4*y + 1 + 3 = x*f. What is the greatest common factor of f and 4?
4
Suppose 2*p + 376 = 4*c, 470 = 5*c + 3*p + p. Let a = -566 + 514. Let v = a + c. What is the greatest common divisor of v and 14?
14
Suppose -70*m + 120 = -24*m - 31*m. Calculate the greatest common divisor of m and 2800.
8
Let l be 0 + -2 + 1 - (-13 + 4). Suppose 55 = -3*t + l*t. Let o = 22 - 11. What is the highest common factor of t and o?
11
Let a = 14710 + -13862. What is the greatest common factor of a and 1537?
53
Let h be (-42 - -2)/(6*(-2)/(-294)). Let z be (6/4)/(10/h). Let d = -32 - z. Calculate the highest common divisor of 46 and d.
23
Suppose 34*y - 1473 - 363 = 0. Let p(w) = -35*w**3 - w. Let x = 0 - 1. Let n be p(x). Calculate the highest common divisor of y and n.
18
Let y = -3 + -159. Let o = y + 170. Calculate the greatest common factor of o and 72.
8
Suppose -2*c + 4*a + 60 = 0, -7*a = -3*a. Calculate the highest common factor of c and 9.
3
Suppose 18*q = -36*q - 15*q + 10005. What is the greatest common divisor of 464 and q?
29
Let a = 16495 + -16121. Calculate the highest common factor of a and 238.
34
Let f = -17 - -59. What is the greatest common divisor of f and 28?
14
Suppose 2*d - 23 = -5*y, -y + 22 = 4*y + 3*d. Suppose 0 = -3*b - y*f - 29, -20 = b + b + 3*f. Let u = b - -52. Calculate the highest common factor of u and 26.
13
Let c be ((-63)/(-42))/((-10)/(-580)). Calculate the greatest common divisor of c and 464.
29
Suppose 8 = 3*h - 7. Let q be 28/5 + 2/h. Suppose 0*v + q*v = 624. Calculate the greatest common factor of 156 and v.
52
Suppose 0 = 269*f - 282*f + 195. What is the highest common factor of 10 and f?
5
Let g = 486 - 448. Let q be (-97)/388*(1 - -1 - g). Calculate the highest common factor of q and 468.
9
Let l = 33801 - 18754. What is the highest common divisor of l and 41?
41
Let z(o) = 53*o + 176. Let x(v) = -110*v - 352. Let t(f) = -2*x(f) - 5*z(f). Let g be t(-5). Calculate the highest common factor of g and 7.
7
Suppose -3*c - 118 = -5*k - 333, -5*k = 3*c - 235. What is the highest common factor of 1875 and c?
75
Let z(i) = i**2 - 6*i + 17. Let q be z(6). Suppose q*o - 24 = 27. Suppose -4*f = -2*t - 78, -4*f - t = -o*f - 24. What is the highest common divisor of f and 3?
3
Suppose -275 = -14*m + 5. Suppose 23*k + m = 28*k. Calculate the highest common divisor of k and 3.
1
Let y be (-2 + 4 + -1)/(117553/(-8398) - -14). What is the highest common factor of 988 and y?
26
Let q be 0 + 198 - (-2)/10*-15. Suppose -8*j - q = -11*j. What is the greatest common divisor of j and 15?
5
Suppose -73*v - 2958 + 11645 = 0. Let k(o) = -42*o + 1. Let b be k(-2). What is the highest common divisor of v and b?
17
Let o(d) = -8*d**3 + 5*d**2 + 15*d + 6. Let b be o(-2). Calculate the greatest common divisor of 20 and b.
20
Let a be 5724/3*6*2/9. Calculate the greatest common divisor of a and 64.
16
Let s be (-2 - 961)/((2/(-24))/((-2)/(-8))). Calculate the greatest common factor of s and 27.
27
Let m = -2558 + 2614. Let u = 0 - 0. Suppose -2*l + u*l = -32. What is the greatest common divisor of l and m?
8
Suppose 5*a = 5*x + 80, -4*a + 0*a = 2*x + 56. Let r be 2/x + 55215/150. Calculate the greatest common factor of 16 and r.
16
Let w(x) = -2*x**3 + 198*x**2 + 13. Let d be w(99). Calculate the highest common factor of d and 4381.
13
Suppose 4*l + 21*r - 17*r - 8864 = 0, l + 2*r = 2213. Suppose 27*v - 9104 = -l. Calculate the greatest common factor of v and 30.
15
Suppose -2*q = 2*z - 41 - 7, 0 = z + 4. Suppose 117*a = -4*b + 118*a + 4259, 2*a = -6. Calculate the highest common divisor of q and b.
28
Suppose 0 = -29*w + 298 + 282. Let k be ((-8)/w)/((-4)/890). What is the highest common divisor of k and 712?
89
Suppose 0 = 3*z - 11*z + 104. Let s = 1 + z. Let g = 3 + s. Calculate the greatest common factor of 187 and g.
17
Suppose 85*u - 56510 = 46340. Calculate the greatest common divisor of 66 and u.
22
Let v(u) = u**3 - 9*u**2 - 152*u + 42. Let f be v(18). Calculate the greatest common divisor of f and 54.
6
Let i(o) = 3*o**3 + o**2 - 12*o - 13. Let l be i(-6). Let f = 686 + l. Calculate the highest common divisor of f and 38.
19
Let f(g) = -g**3 - 48*g**2 + 56*g + 461. Let p be f(-49). What is the highest common divisor of p and 76?
2
Let q(p) = -189*p - 2016. Let d be q(-21). What is the highest common factor of 126 and d?
63
Suppose 2*t = 111 + 709. Let k = t - 355. Calculate the greatest common divisor of 66 and k.
11
Suppose 4*t + 28 - 6 = s, -5 = 5*s + 3*t. Let r(o) = 201*o**2 - 3 - o + s*o + 2*o - o. Let i be r(1). Calculate the highest common divisor of 40 and i.
40
Suppose 2*w = 3*w - 14. Suppose 17*b - 13*b + 24 = 0. Let n be (20/b)/((-12)/252). What is the highest common divisor of n and w?
14
Let m(i) = -i**3 + 69*i**2 + 497*i - 1. Let p be m(-7). Suppose 0 = 3*c + 2*c - 305. Calculate the greatest common factor of p and c.
61
Let m be (-1 - 3) + (-32)/(-4). Suppose -r + p = -p - 969, -5*r + 4875 = -m*p. Calculate the highest common factor of r and 11.
11
Let s(q) = q + 32. Suppose -c + 14 = 3*t, -5*t + t + 8 = 0. Let y be s(c). What is the greatest common divisor of y and 24?
8
Let m be ((-58)/(-4))/((-3)/(-6)). Let n be 30/15 - (-1 + -1). Suppose -2*a + t = -177, 5*a = -3*t + n*t + 438. What is the highest common factor of m and a?
29
Suppose -3*z = -u - 21, 23 = 4*z - u - 5. Let d be 7/35 + 14/5. Let p be 29 + 0 + d + -4. What is the greatest common divisor of p and z?
7
Suppose 5*y = -2*s + 272, -s + 2*s - 163 = -3*y. Suppose -5 = -36*t + 319. Calculate the greatest common factor of t and y.
9
Let h = -3330 + 4699. Suppose 0 = 6*f - 3*f - 3*g - 834, -h = -5*f - 2*g. Suppose -2*v + f - 25 = 0. What is the highest common factor of 50 and v?
25
Let x = 135 - 131. Suppose 2*v = -10, 3*m + 5*v - x*v = 49. Calculate the highest common divisor of m and 36.
18
Suppose -13*w + 20*w - 21 = 0. Suppose w*l + 18 = 2*h - 13, 4*h - 5*l = 57. Calculate the highest common divisor of 20 and h.
4
Let h(k) = -6*k - 3. Let v be h(2). Let r be 4*(v/(-4) - 0). Let f = 15 - -45. Calculate the greatest common factor of f and r.
15
Suppose 2*a = -v - 77 + 84, 13 = 5*v - a. Suppose -2*i - 4 = 0, -v*i + 54 = 3*c - 114. What is the highest common divisor of 2 and c?
2
Let u = 3925 + -3885. What is the highest common divisor of u and 1830?
10
Let n(b) be the third derivative of 25*b**4/8 - b**3/3 + 3*b**2 + 4. Let r be n(6). What is the greatest common factor of 28 and r?
28
Let v(z) = -4*z**3 - 59*z + 75. Let j be v(-13). Calculate the greatest common factor of 90 and j.
90
Let f = -544 + 570. Suppose 26 + f = z. What is the highest common factor of 4 and z?
4
Let b(c) = -c + 2. Let j be b(14). Suppose 0*g + 1 = g. Let y be -4 + g - j/2 - -130. What is the greatest common divisor of 19 and y?
19
Let r(j) = 55*j**2 - 2*j + 1. Let z be r(1). Let l be (-1)/(13/(-115)) + 18/117. Let f = -3 + l. What is the greatest common divisor of f and z?
6
Suppose 2*z + 326 - 376 = -v, 5*v - 262 = 2*z. What is the highest common factor of v and 1625?
13
Suppose 0 = g - 47 - 33. Let c = -213181 + 213189. What is the highest common factor of c and g?
8
Suppose 0 = 112*q - 79*q - 1282 - 50858. Calculate the greatest common factor of q and 4.
4
Suppose 17 = -12*b + 185. Calculate the highest common divisor of b and 791.
7
Suppose 4*d + 62976 = 50*d + 3774. Calculate the greatest common divisor of d and 468.
117
Let r be 2 + 0 + -2 + (-3)/3. Let l be 12*(6/8 - r). Suppose -5*x + 16 = 5*u - 14, x = 4*u - 9. What is the greatest common factor of u and l?
3
Let d = -2769 + 3085. What is the highest common divisor of 158 and d?
158
Let p(r) = 3*r - 53. Let a be p(19). Let m(q) = 68*q**3 - 3 - 67*q**3 + 6 + a*q**2. Let s be m(2). Calculate the greatest common factor of 18 and s.
9
Suppose -86 = -2*w - 5*t, 0 = -4*w + 7*w + 4*t - 129. Suppose 0 = -w*a + 34*a + 1863. Calculate the greatest common factor of a and 23.
23
Let q = -15683 + 15757. What is the greatest common factor of q and 12580?
74
Let b be (-88)/((1/3)/((-11)/22)). What is the greatest common divisor of 2816 and b?
44
Let j = -495 - -4428. What is the highest common factor of 276 and j?
69
Suppose -26*